 Let p = c + -12. What is the units digit of p?
6
Suppose g = 6*g - 3*k - 13, 0 = -g + k + 1. Suppose -2*u - 20 = -g*a, a - 4 = u + 4*u. Suppose u = -w + 12 - 3. What is the units digit of w?
9
Let o(d) = -2*d**2 + 2*d. Let h be o(2). What is the tens digit of (-215)/(-20) - 1/h?
1
Suppose -3*c - 13 = -2*m, -5*c + 10 = 4*m - m. Suppose -4*z - 3 = -3*z, 2*a - 17 = 3*z. Suppose a*d - 7 = -4*h + 13, m*d + 15 = 0. What is the units digit of h?
8
Suppose 3*h = -3*h + 240. What is the tens digit of h?
4
Let k = -78 - -121. What is the units digit of k?
3
Let c(i) = i**3 + 8*i**2 + i + 7. What is the tens digit of c(-7)?
4
Suppose -d + 36 = -50. What is the tens digit of d?
8
Let w be (-48)/(-26) - 6/(-39). Suppose 0*n + 5*n = -w*t + 39, 0 = -5*t + n + 84. What is the tens digit of t?
1
Suppose 0 = 3*a + 2*a - 5. Let z(s) = 13*s**2 - s. What is the units digit of z(a)?
2
Let r(t) = t**3 - 5*t**2 - 3*t - 6. Let i be r(6). Let f = -1 + i. What is the tens digit of f?
1
Let g(j) = 8*j**2 + 20*j**2 - 2 + 2 - 1 + 2*j. What is the tens digit of g(1)?
2
Suppose z - 8 = 3*z. Let i(c) = -c**3 - 3*c**2 + 2. What is the tens digit of i(z)?
1
Let d(c) = -7 + 8*c + 3*c**3 + c**3 - 3*c**3 + 10*c**2 - 2. Let m be d(-9). Suppose -3*h + m*h = -6. What is the units digit of h?
2
Let i = 18 + -11. Suppose -3*j = -2*y + 2, -3*y - 5*j = -i*y + 4. What is the units digit of (-12)/(-1 - y) + 1?
7
Let r = -6 - -10. Suppose 2*x = -4, -r*i + 5*x + 32 = -22. What is the tens digit of i?
1
Suppose 0 = 3*k + 5*a - 6, -3*a - 2 = 2*k - 5. What is the units digit of (-1)/k - 17/(-3)?
6
Suppose -5*t + 45 = 5. Let i = t - 7. What is the units digit of i?
1
Let s(j) = -j**3 - 11*j**2 - 13*j + 14. Let h be s(-10). Suppose -z + h = 7. What is the tens digit of z?
3
Let o(m) = m + 3. Let r be o(0). Suppose d - 2*w = 9, -3*w + 9 = r*d - 0*d. What is the units digit of d?
5
What is the units digit of ((-169)/3 - 1)*51/(-34)?
6
Let j(x) = -12*x. Suppose -w = -2*q + 1, 0 = -q - w - 4. Let o be j(q). Suppose y - 5*y + o = 0. What is the units digit of y?
3
Suppose -2*x = -5*x - 5*a + 19, 13 = 3*x + 2*a. What is the units digit of x?
3
Let x = 8 - -5. Suppose -5*o + 2*h + 6 = 0, 0 = o + 3*h - x + 5. What is the units digit of o?
2
Let l be (0 - (-1 + 1))/(-2). Suppose 0 = -4*g - 2*r + 20, l = r + 1 + 1. Suppose -12 = g*y - 7*y. What is the tens digit of y?
1
Let n(j) = j**2 - 2*j - 2. Let s = 2 + 2. Let r be n(s). Let v = r + -4. What is the units digit of v?
2
Suppose 5*t - 7 = 5*u + 3, 0 = 5*u - 15. Suppose 5 + 0 = t*o. Let n(s) = 15*s - 1. What is the units digit of n(o)?
4
Let f be ((-8)/(-6))/((-3)/(-9)). Suppose -1 = 5*i + f. Let u = i - -2. What is the units digit of u?
1
What is the units digit of 4 + -129*(-2)/6?
7
Let k(c) be the first derivative of -c**4/4 + 10*c**3/3 + c**2/2 + 4*c - 8. What is the units digit of k(10)?
4
Let h(q) = -q. Let t(b) = 3*b + 2. Let n(v) = 2*h(v) + t(v). Let g be n(2). Suppose g*f + 2*x = 46, -4*f + 4*x = 39 - 115. What is the units digit of f?
4
Let o(t) = -8*t + 12. What is the tens digit of o(-8)?
7
Let z be 20*1 + 6/(-3). Suppose z = 2*q + 4. Suppose q*h - 4*h = 30. What is the units digit of h?
0
What is the tens digit of 646/7 - -8*(-2)/56?
9
Let v = -18 - -49. What is the units digit of v?
1
Let p(a) = 3*a - 7. Suppose -4*v = -4*o - 2*v + 20, -5*o + 3*v = -27. Let l = 2 + o. What is the units digit of p(l)?
8
Let w be (1 - 2)*2 + 14. What is the units digit of (-4)/6*(-306)/w?
7
Let g(m) = 0 - 4*m**3 + 0. Suppose h + 9 = 8. What is the units digit of g(h)?
4
Suppose -4*b - 4*a = -248, 2*a - 6*a - 112 = -2*b. What is the tens digit of b?
6
Let a(b) = -b**3 - b + 2. Let c be a(0). Suppose 0 = -5*h + 3*g + 124, 57 = 3*h + 6*g - c*g. What is the units digit of h?
3
Suppose 4 - 9 = 5*u - 3*t, -u + 4*t - 18 = 0. Suppose 4*l = -3*c + 32, u*l + 11 = -c + 5*l. What is the units digit of c?
4
Let y = 3 - 1. Suppose 18 = -y*m - 10. Let t = m + 26. What is the tens digit of t?
1
Suppose -4*n = -7*n + 3. What is the units digit of n?
1
Suppose -2*q = b - 0*q - 58, 3*b - 152 = 5*q. What is the tens digit of b?
5
Suppose -3*p + 21 = -2*p. What is the units digit of p?
1
Suppose 20*u - 7*u - 208 = 0. What is the tens digit of u?
1
Let v(w) = w**2 + 4*w - 3. Let g be v(-10). Suppose i - 18 = n, 5*n + 5 + g = 3*i. What is the tens digit of i?
1
Let s = 177 - 97. What is the tens digit of s?
8
Let s be (-2)/2*(0 + 3). Let i be (s/(-6))/(1/2). Let t(l) = l**3 + l**2 - l. What is the units digit of t(i)?
1
Let g(n) = -n**3 - 9*n**2 + 9*n - 5. What is the units digit of g(-10)?
5
Let f = -7 - -10. Suppose f*t - 2*t - 18 = 0. What is the tens digit of t?
1
Let f(y) = y**2 + 2. Let m be f(0). Suppose r - m = -r. Let x = r + 0. What is the units digit of x?
1
Suppose -4*x = -852 - 368. What is the hundreds digit of x?
3
Let a(t) = -5*t - 17. What is the tens digit of a(-9)?
2
Let l(q) = -q**2 + 2*q**2 + 1 + 3*q + q**3 + 0*q - 2*q. Let n be l(-1). Suppose 2*a + 3*v - 26 = n, 2*a + a + v - 46 = 0. What is the units digit of a?
6
What is the units digit of 1 + ((-2)/2 - -47)?
7
Let i = -72 - -240. What is the units digit of i?
8
Suppose 5*r - 82 = 23. What is the units digit of r?
1
Let r be ((-8)/5)/4*-10. Suppose 3*o - 39 = r*n, 6 = -0*n - 2*n. What is the units digit of o?
9
Let s = -51 + 82. What is the tens digit of s?
3
Let x = 92 + -60. What is the units digit of x?
2
Let w(z) = 11*z**2 + z. What is the tens digit of w(-1)?
1
Suppose 2*p = -p. Let r = -4 - -8. Suppose -r*f - 8 + 28 = p. What is the units digit of f?
5
Let l(z) = z**3 - 20*z**2 + 9*z - 32. What is the hundreds digit of l(20)?
1
Suppose 6*u - 112 = 4*u. What is the units digit of u?
6
Suppose 5*p = -2*b - 9, -2*p = 3*p - b + 3. Let z be (57/21 + p)*7. What is the units digit of (z + -4)/(2 + -1)?
8
Let v = -40 - -42. What is the units digit of v?
2
Suppose -8 = -t - v - 0*v, 4*t = -v + 41. Suppose 0 = r - t - 1. What is the units digit of r?
2
Let n = 37 + -11. What is the tens digit of n?
2
Let o(c) = -c**3 - 6*c**2 - 5*c - 5. Let i be o(-5). Let a(j) = -j**3 - 3*j**2 + 6*j - 1. What is the tens digit of a(i)?
1
Let y be ((-8)/10)/(2/(-5)). Suppose -8 = -y*t - 0*t. What is the units digit of 4/(((-6)/t)/(-3))?
8
What is the tens digit of -2 - (20*5)/(-4)?
2
Let b = 130 - 13. What is the units digit of b?
7
Suppose 0 = -c + 4*x + 12 + 14, -c - x = -1. Suppose 0*a - a = -c. Suppose j + 0*j - a = -p, -p = -3*j + 2. What is the units digit of j?
2
Let r(h) = -h**3 + 17*h**2 - 20*h + 7. What is the units digit of r(6)?
3
Suppose 0 = -19*a + 14*a + 595. What is the units digit of a?
9
What is the tens digit of ((-9*2)/6)/((-3)/100)?
0
Let g(j) = -j**3 + 7*j**2 + 11*j - 8. What is the units digit of g(8)?
6
Let o(p) = p**2 + 5*p + 5. Let t be o(-6). Suppose 10 = t*r - 6*r. What is the units digit of r?
2
Let y = -35 - -51. What is the tens digit of y?
1
Let d(h) = h + 8. Let x be d(-8). Let y be 2/4*(x - 0). Let o(m) = -m**2 - m + 5. What is the units digit of o(y)?
5
Suppose 0 = -t + 5*t - 4. What is the units digit of (-4)/(-1) - (t + -1)?
4
Let l(q) = -2*q**2 + 15 - 10 - 21*q**3 - 2*q - 6. What is the units digit of l(-1)?
0
Let x = 309 + -151. Suppose 434 - x = 6*m. What is the units digit of m?
6
Let f(k) = k + 3. Let d = 9 - 5. Let x be f(d). What is the units digit of (-18)/(-63) + 26/x?
4
Let z(u) = u**2 - u - 6. Let a be z(0). Let t(n) = -n**2 - 7*n + 2. What is the units digit of t(a)?
8
Suppose 2*l + 4*f - 12 - 18 = 0, -l + 10 = f. Suppose l = p + 1. Suppose 0 = -4*m - 5*k + 33, 14 = p*m + 2*k - 16. What is the units digit of m?
7
Let q(t) = -t**3 - 3*t**2 + 3*t + 4. Suppose -3*z = 8 + 4. What is the units digit of q(z)?
8
Let i(a) = -a. Let g(j) = -j**2 - 10*j + 5. Let d(r) = -g(r) + 6*i(r). Let q be d(-7). Suppose 2*c + 6 - q = 0. What is the units digit of c?
5
Suppose j + 0*z = -2*z + 21, -2*j + 3*z + 35 = 0. What is the units digit of j?
9
Let v(f) = 5*f - 1. What is the tens digit of v(6)?
2
Let j = -262 + 385. What is the hundreds digit of j?
1
What is the tens digit of (-98)/(-8) - (-1)/(-4)?
1
Let k be (-4)/(-18) + 44/(-36). Let i(n) = -12*n + 2. What is the units digit of i(k)?
4
Let w(f) = -f**3 - 6*f**2 + f + 8. Let b be w(-6). Let h = 14 - b. What is the units digit of h?
2
Suppos